factor of 21 and 161?
7
Calculate the highest common divisor of 6 and 480.
6
What is the greatest common divisor of 303 and 6?
3
Calculate the highest common factor of 2936 and 8.
8
What is the greatest common divisor of 9008 and 1689?
563
Calculate the highest common divisor of 38 and 1102.
38
Calculate the highest common factor of 75 and 1000.
25
What is the highest common factor of 38 and 38?
38
What is the highest common factor of 27 and 21?
3
Calculate the greatest common factor of 148 and 6364.
148
What is the highest common factor of 8 and 156?
4
Calculate the greatest common divisor of 310 and 3875.
155
Calculate the greatest common divisor of 11 and 704.
11
Calculate the greatest common divisor of 128 and 248.
8
What is the greatest common divisor of 6 and 50?
2
What is the greatest common factor of 4928 and 539?
77
What is the highest common divisor of 188 and 16?
4
What is the greatest common factor of 7 and 47?
1
Calculate the highest common divisor of 1197 and 19.
19
What is the highest common factor of 120 and 96?
24
Calculate the highest common divisor of 164 and 4.
4
Calculate the highest common divisor of 176 and 1584.
176
What is the greatest common divisor of 59 and 177?
59
Calculate the highest common divisor of 175 and 1295.
35
What is the highest common factor of 1456 and 3224?
104
Calculate the highest common factor of 64 and 1360.
16
Calculate the highest common divisor of 3986 and 2.
2
Calculate the highest common divisor of 248 and 31.
31
Calculate the greatest common factor of 80 and 144.
16
What is the highest common factor of 1638 and 2394?
126
What is the highest common factor of 16 and 452?
4
What is the greatest common divisor of 2257 and 183?
61
What is the greatest common factor of 420 and 276?
12
What is the highest common factor of 16 and 3472?
16
What is the greatest common factor of 60 and 3140?
20
What is the highest common divisor of 91 and 325?
13
What is the greatest common factor of 896 and 7?
7
What is the highest common factor of 53 and 106?
53
Calculate the greatest common divisor of 260 and 1170.
130
Calculate the highest common divisor of 21 and 427.
7
Calculate the highest common divisor of 375 and 45.
15
What is the greatest common divisor of 159 and 153?
3
Calculate the highest common factor of 96 and 36.
12
Calculate the highest common factor of 565 and 5.
5
What is the highest common divisor of 7748 and 104?
52
Calculate the greatest common divisor of 1 and 233.
1
Calculate the greatest common divisor of 55 and 10.
5
What is the highest common divisor of 600 and 24?
24
What is the greatest common divisor of 56 and 1372?
28
Calculate the greatest common divisor of 10612 and 56.
28
What is the greatest common divisor of 3 and 1923?
3
What is the highest common divisor of 1914 and 198?
66
What is the greatest common factor of 462 and 1218?
42
What is the greatest common factor of 222 and 6?
6
What is the greatest common factor of 357 and 1659?
21
Calculate the greatest common factor of 17200 and 160.
80
What is the highest common factor of 29097 and 122?
61
Calculate the greatest common factor of 2850 and 2.
2
What is the greatest common factor of 95 and 1345?
5
Calculate the highest common factor of 164 and 3362.
82
Calculate the highest common factor of 18 and 2817.
9
Calculate the highest common divisor of 5901 and 42.
21
What is the greatest common divisor of 114 and 874?
38
What is the greatest common divisor of 90 and 1520?
10
What is the greatest common divisor of 94 and 6439?
47
What is the highest common divisor of 44 and 396?
44
What is the greatest common factor of 388 and 480?
4
What is the highest common divisor of 170 and 34?
34
What is the highest common divisor of 207 and 92?
23
What is the greatest common divisor of 60 and 135?
15
Calculate the greatest common factor of 24 and 216.
24
Calculate the highest common divisor of 160 and 670.
10
What is the greatest common factor of 2 and 162?
2
What is the greatest common factor of 172 and 36?
4
What is the greatest common factor of 86 and 301?
43
Calculate the greatest common divisor of 40 and 130.
10
What is the highest common factor of 102 and 1377?
51
What is the highest common divisor of 78 and 118?
2
What is the greatest common divisor of 40 and 420?
20
What is the greatest common divisor of 50 and 25?
25
What is the greatest common factor of 80 and 30?
10
Calculate the highest common divisor of 10220 and 20.
20
What is the greatest common factor of 20303 and 79?
79
Calculate the highest common factor of 7 and 7210.
7
Calculate the greatest common factor of 16988 and 822.
274
What is the greatest common factor of 10 and 1660?
10
Calculate the greatest common factor of 27654 and 66.
66
What is the greatest common divisor of 64 and 128?
64
What is the highest common factor of 127750 and 73?
73
What is the highest common divisor of 224 and 49?
7
Calculate the highest common factor of 108 and 8910.
54
Calculate the highest common factor of 56 and 35.
7
Calculate the greatest common divisor of 16 and 1.
1
What is the greatest common divisor of 585 and 10?
5
What is the greatest common factor of 84 and 396?
12
Calculate the highest common divisor of 1089 and 847.
121
Calculate the greatest common factor of 4164 and 60.
12
What is the highest common divisor of 4446 and 456?
114
Calculate the greatest common factor of 9 and 531.
9
What is the highest common divisor of 2121 and 189?
21
What is the highest common divisor of 31 and 1?
1
What is the highest common divisor of 180 and 657?
9
Calculate the greatest common divisor of 116 and 23.
1
Calculate the highest common divisor of 7 and 343.
7
Calculate the greatest common divisor of 2961 and 63.
63
Calculate the highest common factor of 119 and 34.
17
Calculate the greatest common divisor of 366 and 24.
6
Calculate the highest common divisor of 10 and 50.
10
Calculate the greatest common divisor of 828 and 36.
36
What is the highest common divisor of 1288 and 112?
56
What is the highest common divisor of 1040 and 2288?
208
Calculate the highest common factor of 2109 and 148.
37
Calculate the highest common divisor of 32 and 16.
16
Calculate the greatest common divisor of 26 and 754.
26
What is the greatest common divisor of 405 and 30?
15
Calculate the greatest common divisor of 1121 and 59.
59
Calculate the highest common divisor of 7 and 28.
7
Calculate the highest common divisor of 17 and 2159.
17
What is the greatest common factor of 135 and 189?
27
What is the greatest common divisor of 24 and 2388?
12
What is the greatest common divisor of 121 and 12221?
121
Calculate the highest common factor of 2135 and 1435.
35
Calculate the greatest common divisor of 2822 and 34.
34
What is the greatest common divisor of 24784 and 16?
16
Calculate the highest common divisor of 594 and 22.
22
What is the greatest common factor of 560 and 1280?
80
Calculate the highest common divisor of 510 and 90.
30
Calculate the highest common factor of 12 and 228.
12
What is the greatest common divisor of 7137 and 234?
117
What is the greatest common divisor of 3991 and 52?
13
Calculate the highest common divisor of 25 and 4735.
5
Calculate the greatest common divisor of 600 and 75.
75
What is the greatest common factor of 7084 and 84?
28
What is the highest common factor of 106 and 2279?
53
Calculate the greatest common factor of 120 and 11640.
120
Calculate the highest common divisor of 998 and 4.
2
Calculate the greatest common divisor of 87 and 6.
3
Calculate the greatest common factor of 2028 and 2964.
156
Calculate the highest common divisor of 66 and 4202.
22
What is the highest common divisor of 361 and 513?
19
What is the greatest common divisor of 64 and 320?
64
Calculate the greatest common divisor of 72 and 6876.
36
Calculate the highest common factor of 15 and 183.
3
Calculate the greatest common factor of 54 and 5778.
54
What is the highest common divisor of 3979 and 299?
23
Calculate the highest common divisor of 15 and 285.
15
What is the highest common factor of 1829 and 59?
59
What is the greatest common divisor of 14 and 22?
2
Calculate the highest common divisor of 160 and 37920.
160
Calculate the greatest common factor of 28 and 4970.
14
Calculate the greatest common divisor of 165